{"id":296,"date":"2025-03-17T11:09:34","date_gmt":"2025-03-17T10:09:34","guid":{"rendered":"https:\/\/serwer1329100.home.pl\/autoinstalator\/wordpress\/?page_id=296"},"modified":"2025-03-17T12:58:36","modified_gmt":"2025-03-17T11:58:36","slug":"historia","status":"publish","type":"page","link":"https:\/\/mas-pol.pl\/?page_id=296","title":{"rendered":"Historia"},"content":{"rendered":"<p>Przedsi\u0119biorstwo MAS-POL rozpocz\u0119\u0142o sw\u0105 dzia\u0142alno\u015b\u0107 pod koniec lat 80-tych.<br \/>\nZa\u0142o\u017cycielami firmy jest tr\u00f3jka rodze\u0144stwa wraz ze wsp\u00f3\u0142ma\u0142\u017conkami.<\/p>\n<p>Milowym krokiem w rozwoju firmy by\u0142 rok 1993, kiedy postanowiono zako\u0144czy\u0107 handel obwo\u017any. Zakupiono w Warszawie na tzw. Gie\u0142dzie Ok\u0119cie 15 punkt\u00f3w sprzeda\u017cy o \u0142\u0105cznej powierzchni oko\u0142o 200m\u00b2. Tak dzia\u0142ano przez nast\u0119pne 2 lata, jednocze\u015bnie poszerzaj\u0105c gam\u0119 produkt\u00f3w dost\u0119pnych w sprzeda\u017cy i pozyskuj\u0105c coraz wi\u0119ksz\u0105 liczb\u0119 klient\u00f3w. W 1995 roku powsta\u0142a pierwsza hurtownia artyku\u0142\u00f3w spo\u017cywczych o powierzchni 500m\u00b2. Punkt w Warszawie wsp\u00f3\u0142pracowa\u0142 z magazynem logistycznym znajduj\u0105cym si\u0119 w miejscowo\u015bci Milew ko\u0142o Ka\u0142uszyna.<\/p>\n<p>Wa\u017cnym okresem dla firmy by\u0142 rok 2000. Wtedy podj\u0119to decyzj\u0119 o rozbudowie hurtowni w Warszawie do wielko\u015bci 1500m\u00b2. Powsta\u0142 tak\u017ce drugi oddzia\u0142 firmy w Siedlcach. Pocz\u0105tkowo hurtownia w Siedlcach zajmowa\u0142a powierzchni\u0119 200m\u00b2, ale z biegiem czasu powi\u0119kszono j\u0105. Obecnie liczy sobie oko\u0142o 3500m\u00b2.<\/p>\n<p>Prze\u0142om lat 2005-2006 zaowocowa\u0142 nowymi inwestycjami w sp\u00f3\u0142ce.<br \/>\nOddzia\u0142 w Warszawie zosta\u0142 rozbudowany do 2000m\u00b2. W tym samym czasie postanowiono zmieni\u0107 nieco styl handlu. Tradycyjne dzia\u0142y sprzeda\u017cy, zosta\u0142y przebudowane na dzia\u0142y samoobs\u0142ugowe Cash and Cary. Tak\u017ce w tych latach w obu oddzia\u0142ach powsta\u0142y dzia\u0142y nabia\u0142owe, kt\u00f3re s\u0105 ci\u0105gle rozwijane, d\u0105\u017c\u0105c do zaspokojenia potrzeb odbiorc\u00f3w.<\/p>\n<p>Specyfika handlu w obu oddzia\u0142ach jest podobna i kszta\u0142tuje si\u0119 na poziomie 30% sprzeda\u017cy w hali Cash&#038;Cary oraz 70% dowozu do klienta. Tak dobry rozw\u00f3j dystrybucji spowodowa\u0142 zatrudnienie 8 przedstawicieli handlowych na obs\u0142ugiwany teren. Sp\u00f3\u0142ka posiada w\u0142asny tabor samochod\u00f3w dostawczych, kt\u00f3ry liczy ponad 30 sztuk i jest wykorzystywany do dystrybucji towar\u00f3w i przewoz\u00f3w mi\u0119dzymagazynowych.<\/p>\n<p>Obszar dzia\u0142alno\u015bci hurtowni to przede wszystkim wojew\u00f3dztwo Mazowieckie oraz cz\u0119\u015bciowe tereny wojew\u00f3dztwa Lubelskiego i Podlaskiego. Jednak\u017ce handel nie zamyka si\u0119 jedynie na tych regionach i hurtownia wsp\u00f3\u0142pracuje z firmami z ca\u0142ej Polski.<\/p>\n<p>Od 2007 roku sp\u00f3\u0142ka MAS-POL jest jednym z udzia\u0142owc\u00f3w Polskiej Grupy Handlowej Alfa, kt\u00f3ra jest tworzona przez 8 hurtowni spo\u017cywczych.<\/p>\n<p>Rok 2011 to wielkie docenienie dzia\u0142alno\u015bci sp\u00f3\u0142ki. Firma MAS-POL otrzyma\u0142a presti\u017cow\u0105 nagrod\u0119 \u201eGazela Biznesu\u201d. Jest to wyr\u00f3\u017cnienie, kt\u00f3re potwierdza dynamiczny rozw\u00f3j hurtowni oraz jej wiarygodno\u015b\u0107 jako rzetelnego dostawcy i partnera w biznesie.<\/p>\n<p>W roku 2013 Firma MAS-POL obchodzi\u0142a 20-lecie istnienia na rynku. Potwierdza to ustabilizowan\u0105 pozycj\u0119 oraz motywuje do dalszych, jeszcze bardziej intensywnych dzia\u0142a\u0144 w przysz\u0142o\u015bci.<\/p>\n","protected":false},"excerpt":{"rendered":"<p>Przedsi\u0119biorstwo MAS-POL rozpocz\u0119\u0142o sw\u0105 dzia\u0142alno\u015b\u0107 pod koniec lat 80-tych. Za\u0142o\u017cycielami firmy jest tr\u00f3jka rodze\u0144stwa wraz ze wsp\u00f3\u0142ma\u0142\u017conkami. Milowym krokiem w [&hellip;]<\/p>\n","protected":false},"author":1,"featured_media":0,"parent":0,"menu_order":0,"comment_status":"closed","ping_status":"closed","template":"","meta":{"site-sidebar-layout":"default","site-content-layout":"","ast-site-content-layout":"default","site-content-style":"default","site-sidebar-style":"default","ast-global-header-display":"","ast-banner-title-visibility":"","ast-main-header-display":"","ast-hfb-above-header-display":"","ast-hfb-below-header-display":"","ast-hfb-mobile-header-display":"","site-post-title":"","ast-breadcrumbs-content":"","ast-featured-img":"","footer-sml-layout":"","theme-transparent-header-meta":"default","adv-header-id-meta":"","stick-header-meta":"","header-above-stick-meta":"","header-main-stick-meta":"","header-below-stick-meta":"","astra-migrate-meta-layouts":"set","ast-page-background-enabled":"default","ast-page-background-meta":{"desktop":{"background-color":"var(--ast-global-color-5)","background-image":"","background-repeat":"repeat","background-position":"center center","background-size":"auto","background-attachment":"scroll","background-type":"","background-media":"","overlay-type":"","overlay-color":"","overlay-opacity":"","overlay-gradient":""},"tablet":{"background-color":"","background-image":"","background-repeat":"repeat","background-position":"center center","background-size":"auto","background-attachment":"scroll","background-type":"","background-media":"","overlay-type":"","overlay-color":"","overlay-opacity":"","overlay-gradient":""},"mobile":{"background-color":"","background-image":"","background-repeat":"repeat","background-position":"center center","background-size":"auto","background-attachment":"scroll","background-type":"","background-media":"","overlay-type":"","overlay-color":"","overlay-opacity":"","overlay-gradient":""}},"ast-content-background-meta":{"desktop":{"background-color":"var(--ast-global-color-4)","background-image":"","background-repeat":"repeat","background-position":"center center","background-size":"auto","background-attachment":"scroll","background-type":"","background-media":"","overlay-type":"","overlay-color":"","overlay-opacity":"","overlay-gradient":""},"tablet":{"background-color":"var(--ast-global-color-4)","background-image":"","background-repeat":"repeat","background-position":"center center","background-size":"auto","background-attachment":"scroll","background-type":"","background-media":"","overlay-type":"","overlay-color":"","overlay-opacity":"","overlay-gradient":""},"mobile":{"background-color":"var(--ast-global-color-4)","background-image":"","background-repeat":"repeat","background-position":"center center","background-size":"auto","background-attachment":"scroll","background-type":"","background-media":"","overlay-type":"","overlay-color":"","overlay-opacity":"","overlay-gradient":""}},"footnotes":""},"class_list":["post-296","page","type-page","status-publish","hentry"],"_links":{"self":[{"href":"https:\/\/mas-pol.pl\/index.php?rest_route=\/wp\/v2\/pages\/296","targetHints":{"allow":["GET"]}}],"collection":[{"href":"https:\/\/mas-pol.pl\/index.php?rest_route=\/wp\/v2\/pages"}],"about":[{"href":"https:\/\/mas-pol.pl\/index.php?rest_route=\/wp\/v2\/types\/page"}],"author":[{"embeddable":true,"href":"https:\/\/mas-pol.pl\/index.php?rest_route=\/wp\/v2\/users\/1"}],"replies":[{"embeddable":true,"href":"https:\/\/mas-pol.pl\/index.php?rest_route=%2Fwp%2Fv2%2Fcomments&post=296"}],"version-history":[{"count":3,"href":"https:\/\/mas-pol.pl\/index.php?rest_route=\/wp\/v2\/pages\/296\/revisions"}],"predecessor-version":[{"id":376,"href":"https:\/\/mas-pol.pl\/index.php?rest_route=\/wp\/v2\/pages\/296\/revisions\/376"}],"wp:attachment":[{"href":"https:\/\/mas-pol.pl\/index.php?rest_route=%2Fwp%2Fv2%2Fmedia&parent=296"}],"curies":[{"name":"wp","href":"https:\/\/api.w.org\/{rel}","templated":true}]}}